(d) = -4*d**2 + 2*d + 68. Give s(-4).
-4
Let n(r) = -3*r**3 - 37*r**2 + 22*r - 12. Determine n(-14).
660
Let m(n) = n**3 + 45*n**2 - 46*n + 15. Determine m(-46).
15
Let b(m) = 1662*m + 61481. What is b(-37)?
-13
Let m(c) = 2*c**3 + 59*c**2 - 36*c - 184. What is m(-30)?
-4
Let s(f) = f**3 - 19*f**2 - 89*f - 4. Give s(-4).
-16
Let u(p) = -p**3 + 35*p**2 - 158*p + 5. Calculate u(30).
-235
Let v(l) = -2*l**2 - 8*l - 27. Determine v(6).
-147
Let z(n) = -5*n**2 + 32*n - 52. Calculate z(3).
-1
Let l(a) = -a**2 - 10*a + 53. What is l(-16)?
-43
Let n(x) = -17*x**2 + 117*x - 161. Calculate n(5).
-1
Let r(l) = -116*l**2 + 3*l - 3. Calculate r(1).
-116
Let l(d) = -d**2 + 77*d - 283. Calculate l(4).
9
Let o(y) = 2*y**3 - 69*y**2 - 24*y - 380. Calculate o(35).
5
Let i(s) = -6*s**3 + 27*s**2 - 3*s - 13. Give i(4).
23
Let t(j) = 2*j**2 - 219*j + 1287. Calculate t(103).
-52
Let s(d) = -51*d - 949. Determine s(-14).
-235
Let k(i) = 33*i + 1913. Determine k(-59).
-34
Let c(n) = -340*n - 3739. What is c(-11)?
1
Let t(i) = -322*i**3 - 12*i**2 - 16*i - 3. Determine t(-1).
323
Let d(y) = y**3 - 17*y**2 + 60*y - 110. What is d(13)?
-6
Let r(y) = 895*y + 5376. Give r(-6).
6
Let f(y) = 551*y + 139948. What is f(-254)?
-6
Let q(b) = 335*b**3 - b**2 - 8*b - 8. What is q(-1)?
-336
Let c(x) = -x**3 - 132*x**2 - 153*x - 2864. Calculate c(-131).
18
Let m(v) = v**3 - 27*v**2 - 10*v + 324. Calculate m(27).
54
Let x(z) = -19*z**2 - 10*z + 23. Determine x(5).
-502
Let y(a) = 2*a**2 - 94*a + 964. Determine y(15).
4
Let c(o) = 48*o**2 - 39*o + 128. Give c(3).
443
Let h(d) = -70*d**2 - 256*d + 78. Determine h(-4).
-18
Let g(d) = -d**2 - 573*d + 4648. Determine g(8).
0
Let o(q) = -q**3 - 5*q**2 + 60*q - 68. What is o(-11)?
-2
Let s(z) = -z**3 - 29*z**2 + 25*z - 45. Determine s(-30).
105
Let t(z) = -z**3 + 22*z**2 + 71*z + 13. Give t(25).
-87
Let p(a) = -247*a + 7163. Calculate p(29).
0
Let y(x) = x**2 - 1367*x - 19351. What is y(-14)?
-17
Let r(c) = -c**3 - 20*c**2 - 45. Determine r(-20).
-45
Let c(a) = -1095*a + 16422. What is c(15)?
-3
Let j(n) = 10*n**3 + 30*n**2 - 36*n + 3. Give j(-5).
-317
Let n(c) = -c**2 + 78*c - 897. Determine n(14).
-1
Let a(v) = -v**3 + 57*v**2 + 309*v + 56. Determine a(62).
-6
Let h(l) = -5*l - 422. What is h(-15)?
-347
Let k(n) = -2*n**2 - 7*n - 1. Determine k(-5).
-16
Let z(o) = o**3 - 98*o**2 + 2316*o + 217. What is z(58)?
-15
Let c(p) = 18*p**2 + 587*p - 2205. Determine c(-36).
-9
Let t(z) = 3*z**2 - 523*z + 198. What is t(174)?
24
Let f(w) = w**3 + 14*w**2 - 216*w - 2105. What is f(-8)?
7
Let p(y) = -21*y - 76. Determine p(-3).
-13
Let g(j) = -2*j**2 - 156*j + 6770. Calculate g(-109).
12
Let d(q) = 70*q - 5618. Determine d(81).
52
Let c(r) = -r**2 - 33*r - 63. Give c(-30).
27
Let t(p) = 2*p**3 - 3*p**2 + p - 286. What is t(0)?
-286
Let h(j) = 103*j**2 - 9883*j - 476. Give h(96).
4
Let s(b) = b**3 - 8*b**2 - 33*b + 133. Determine s(10).
3
Let z(v) = -6*v - 78. Determine z(-20).
42
Let g(p) = -5*p**2 + 439*p + 5521. Calculate g(99).
-23
Let k(p) = 173*p**3 + 2*p**2. Calculate k(1).
175
Let u(n) = -n**3 + 28*n**2 - 59*n + 870. Give u(27).
6
Let g(z) = 403*z - 2017. Give g(5).
-2
Let i(m) = 4*m**2 - 15*m + 89. Determine i(6).
143
Let q(d) = -d**3 - 121*d**2 + 755*d - 895. What is q(-127)?
-6
Let u(d) = 600*d - 139794. What is u(233)?
6
Let g(v) = v**3 + 6*v**2 + 130*v + 488. Determine g(-4).
0
Let l(w) = -w**3 - 74*w**2 + 232*w + 74. Give l(-77).
-3
Let i(c) = 54*c - 1315. What is i(27)?
143
Let p(v) = 76*v - 1382. Calculate p(26).
594
Let w(n) = -3*n**2 - 76*n + 561. Determine w(7).
-118
Let d(y) = 139*y - 1676. Calculate d(12).
-8
Let w(y) = -119*y - 2123. Give w(-21).
376
Let f(z) = -3634*z + 152635. Determine f(42).
7
Let g(q) = q**3 + 30*q**2 - 8*q + 729. What is g(-31)?
16
Let l(m) = 2*m**3 + 6*m**2 - 6*m - 18. Give l(-5).
-88
Let z(g) = 2*g**3 - 19*g**2 - 109*g + 1050. What is z(10)?
60
Let v(x) = -9*x**2 - 248*x - 5. Calculate v(-27).
130
Let y(o) = 2*o**3 + 202*o**2 + 184*o - 1610. Calculate y(-100).
-10
Let t(d) = -40*d - 1946. Give t(-48).
-26
Let i(u) = -u**3 - 8*u**2 - 56*u - 384. Calculate i(-7).
-41
Let q(a) = -2126*a - 25504. What is q(-12)?
8
Let p(r) = -169*r + 1508. Determine p(9).
-13
Let m(o) = 5*o**2 - 148*o + 195. Determine m(28).
-29
Let v(y) = y**2 + 55*y + 499. What is v(-11)?
15
Let p(k) = -103*k + 8576. What is p(83)?
27
Let q(n) = -2*n**3 + 55*n**2 + 31*n + 14. Determine q(28).
98
Let g(r) = -r**2 + 18*r - 85. What is g(6)?
-13
Let t(f) = -f**2 + 50*f - 263. Determine t(42).
73
Let q(k) = -3*k**2 - 63*k - 241. What is q(-15)?
29
Let f(c) = 2*c**3 + 6*c**2 + 34*c + 213. Determine f(-6).
-207
Let y(w) = w**2 + 13*w + 34. Calculate y(-9).
-2
Let y(o) = o**3 - 7*o**2 - 16*o + 23. Give y(9).
41
Let i(s) = s**2 + 76*s - 88. Calculate i(-75).
-163
Let i(k) = 2257*k + 4520. Determine i(-2).
6
Let q(o) = -o**3 + 139*o**2 - 538*o - 32. Give q(135).
238
Let r(m) = 8*m**3 - 3*m**2 + 3*m - 1. Determine r(1).
7
Let o(t) = 6*t**2 + 80*t - 173. Calculate o(2).
11
Let q(b) = 151*b - 155. What is q(1)?
-4
Let s(c) = 3*c**2 + 73*c - 60. Determine s(-25).
-10
Let p(m) = -13*m**2 + 108*m + 77. What is p(9)?
-4
Let y(t) = 33*t**3 - 6*t**2 - 4*t + 1. Calculate y(-1).
-34
Let a(g) = g**3 - 18*g**2 - 27*g + 151. Determine a(19).
-1
Let n(i) = i**3 + 4*i**2 + 14*i + 29. What is n(-6)?
-127
Let a(q) = -540*q + 546. What is a(1)?
6
Let h(q) = 116*q + 387. Calculate h(-3).
39
Let w(i) = 2*i**2 - 17*i + 163. Calculate w(9).
172
Let l(t) = t**3 + 13*t**2 + 53*t + 72. Give l(-7).
-5
Let m(b) = -127*b**3 - 6*b**2 - 5*b. Determine m(-1).
126
Let u(h) = 437*h - 11801. Give u(27).
-2
Let z(l) = -2*l**3 + 2*l**2 - 2*l - 13. Give z(0).
-13
Let w(u) = -642*u - 1930. Calculate w(-3).
-4
Let j(f) = 33*f + 3105. Calculate j(-94).
3
Let b(t) = 454*t + 2279. Calculate b(-5).
9
Let a(i) = -4*i**2 + 124*i + 271. Determine a(33).
7
Let j(b) = -5*b**2 - 150*b + 4. Calculate j(-26).
524
Let q(t) = t**2 + 23*t + 80. Determine q(-18).
-10
Let i(s) = -13*s + 1440. Calculate i(109).
23
Let i(k) = 150*k - 8689. Calculate i(58).
11
Let u(p) = -7*p**2 + 2*p. Give u(-1).
-9
Let r(s) = -s**2 + 18*s + 1098. Calculate r(-25).
23
Let t(s) = 2*s**2 + 83*s + 189. What is t(-38)?
-77
Let n(r) = -r**3 - 250*r**2 - 2856*r - 13. Give n(-12).
-13
Let m(t) = -2*t**3 + 26*t**2 + 9*t - 95. Give m(13).
22
Let o(a) = 85*a - 6304. Give o(74).
-14
Let j(m) = -697*m - 7667. What is j(-11)?
0
Let p(c) = -11*c**2 + 333*c + 257. Determine p(31).
9
Let d(q) = q**3 + 15*q**2 + 18*q + 554. What is d(-16)?
10
Let w(u) = -13*u**2 - 309*u - 5. Give w(-24).
-77
Let t(l) = -6*l**2 + 26*l + 79. Calculate t(8).
-97
Let a(n) = 12*n**2 + 279*n - 278. What is a(1)?
13
Let r(y) = 9*y**2 - 98*y - 70. What is r(12)?
50
Let z(k) = -k**3 + 31*k**2 - 28*k - 66. Determine z(30).
-6
Let n(x) = x**2 - 13*x - 1667. What is n(-35)?
13
Let j(i) = -42*i - 126. Determine j(-5).
84
Let i(p) = 30*p + 199. What is i(-9)?
-71
Let a(v) = -15*v**2 + 87*v + 323. Calculate a(-3).
-73
Let h(y) = -113*y - 1927. Determine h(-17).
-6
Let w(y) = -2*y**3 + 49*y**2 - 14*y - 244. Calculate w(24).
-4
Let v(z) = -7*z**3 - 730*z**2 - 207*z + 90. Give v(-104).
-14
Let m(k) = -43*k - 1185. Give m(-28).
19
Let p(h) = 4052*h + 56. What is p(0)?
56
Let v(j) = -3*j**3 + 25*j**2 - 40*j + 6. Give v(6).
18
Let i(x) = -8*x**2 - 85*x + 636. Determine i(7).
-351
Let p(f) = -f**2 - 137*f + 34. What is p(0)?
34
Let p(h) = 14*h**2 + 4*h + 15. Determine p(4).
255
Let n(u) = u**3 - 18*u**2 - 9*u - 153. Calculate n(19).
37
Let f(o) = -2*o**3 + 79*o**2 + 108*o + 589. What is f(41)?
-26
Let y(o) = 78*o - 1316. What is y(17)?
10
Let o(c) = 1289*c - 73466. What is o(57)?
7
Let m(t) = -t**3 - 23*t**2 - 38*t + 98. Determine m(-21).
14
Let p(h) = -29*h + 5. Give p(-3).
92
Let c(u) = 97*u + 199. Determine c(-2).
5
Let a(b) = b**3 - 224*b**2 - 1137*b - 1922. Give a(229).
-90
Let f(i) = 285*i + 309. Give f(-1).
24
Let v(x) = -2*x**3 + 296*x**2 + 17*x - 2563. What is v(148)?
-47
Let m(i) = i**3 + 50*i**2 - 162*i - 132. Give m(-53).
27
Let d(y) = -y**2 + 12*y + 484. What is d(29)?
-9
Let t(a) = -2*a**3 + 419*a**2 - 216*a + 1465. Determine t(209).
2
Let v(q) = q**3 + 24*q**2 + 53*q + 231. Calculate v(-22).
33
Let y(r) = -110*r - 37. Calculate y(0).
-37
Let b(s) = s**2 - 6*s